 Let d = -3 + w. List the prime factors of d + 0 + (9 - -5).
2, 7
Suppose -3*o = -7*o. Suppose h + 34 = v, -5*v + 152 = -o*h + h. What are the prime factors of v?
31
Suppose -5*i = r - 959 + 248, 0 = 3*i - r - 433. What are the prime factors of i?
11, 13
Let v(j) be the first derivative of -j**3/3 + 3*j**2 + j + 1. Let a be v(8). What are the prime factors of 5/a + (-32)/(-6)?
5
What are the prime factors of (-1*79)/(2/12*-3)?
2, 79
Let f(t) = -t - 2. Let m be f(2). Let l = m - -4. Suppose l*s - 45 = -4*g + 3*s, 65 = 3*g + 4*s. List the prime factors of g.
3, 5
Let g(x) = -3*x - 9. List the prime factors of g(-8).
3, 5
Suppose 11 - 51 = 5*d. Let s(t) = 2*t + 5. Let r be s(d). What are the prime factors of 2 - 0 - (r + 1)?
2, 3
Let z(f) = -f**3 + 11*f**2 + f - 9. What are the prime factors of z(11)?
2
Suppose -o + 22 = -2*s, -o + 4*s = -3*o + 12. Suppose -4*y + 2 = -o. Suppose 7 + y = -3*w - 5*u, -5*u = 2*w + 14. What are the prime factors of w?
3
Let j be (-12)/9*(-30)/(-4). List the prime factors of ((-14)/(-10))/((-2)/j).
7
Suppose 0 = 2*x - 5*m + 8, -m - 3*m - 14 = -5*x. Let i be (-8)/(-2)*9/(-4). List the prime factors of ((-16)/6)/(x/i).
2
Let t(o) = -o**2 + 6*o + 3. Let u(s) = s**2. Let z(w) = -w**2 + 7*w + 6. Let h(d) = -2*u(d) - z(d). Let c be h(-4). What are the prime factors of t(c)?
3
Suppose 4*s + f = -4*f - 1, 3*s = 2*f - 18. What are the prime factors of (2/s)/(6/(-84))?
7
Let a = -14 + 12. List the prime factors of -2 - (a + (-38 - -3)).
5, 7
Suppose -h = -3*t - 120, -t = -h - 2*t + 128. What are the prime factors of h?
2, 3, 7
Let s(q) be the second derivative of -q**3/6 + 2*q**2 - 5*q. What are the prime factors of s(-9)?
13
Suppose 6*k = 4*k. Suppose 5*a + 14 = -3*m + 3*a, -4*m - 4*a - 16 = 0. Let j = k - m. What are the prime factors of j?
2, 3
Let l(q) be the third derivative of -29*q**4/24 - 5*q**2. List the prime factors of l(-1).
29
What are the prime factors of (-7248)/(-208) - (-2)/13?
5, 7
Suppose 9 - 1 = 2*i. Let g = 8 - i. List the prime factors of g.
2
Let o(j) = -2*j - 4. Let b = -8 - 0. List the prime factors of o(b).
2, 3
Let u(f) = f**2 - 5*f + 9. List the prime factors of u(10).
59
Let s(p) = -3*p - 13. Let n(d) = 2*d + 7. Let h(z) = 5*n(z) + 3*s(z). What are the prime factors of h(9)?
5
Let s(o) = 5*o**2 + 3*o - 9. List the prime factors of s(3).
3, 5
Suppose 3*w + 2*a = 133, -3*w - 3*a - 2*a + 139 = 0. List the prime factors of w.
43
What are the prime factors of ((-526)/(-3) - -6) + (-1)/3?
181
Let s be (1 - 10) + (-6)/(-2). Let t be (-415)/10 + s/(-4). Let j = -22 - t. List the prime factors of j.
2, 3
Suppose -2*g - 3*b = -14, -8*g + 3*g = 2*b - 24. Suppose g*z = 3*z + 1. Let c(k) = 7*k**3 - k**2 + 2*k - 1. What are the prime factors of c(z)?
7
Let a(f) = 4*f - 8. What are the prime factors of a(8)?
2, 3
Let o = 18 + 11. What are the prime factors of o?
29
Let i(m) = 2*m**2 - 8*m + 6. List the prime factors of i(6).
2, 3, 5
Suppose 3*l + 65 = 5*j, 2*l = -j + 7 + 19. Suppose -4*k = -j + 4. Suppose 2 = 2*r + 2*u, -3*r + 4*r + k*u = -1. What are the prime factors of r?
2
Let n(s) = 7 + s - 4*s**3 - 4 - 5*s**2 + 3*s**3. Let j be n(-5). List the prime factors of (-3)/j*28/21.
2
Suppose 0 = 2*j + s - 8, j + 14 = 6*j + s. Suppose j = -2*f + 4. Suppose -v + 9 = f. What are the prime factors of v?
2
Suppose -a - 3 = -2*a. Suppose -a*n + n = -58. What are the prime factors of n?
29
Let j be (-15)/(-9) - 2/(-6). Let g be ((-4)/6)/((-2)/3). What are the prime factors of j*((-1)/(-1))/g?
2
Let x(c) = -4*c - 3. Let v be x(-6). Let u = -5 + v. List the prime factors of u.
2
Let k be ((-22)/(-6))/((-1)/(-3)). Let c = k - 7. List the prime factors of c.
2
Let b be 9/(-12) - (-11)/4. Suppose -y + 8 = -p, -2*y - b*y = -p - 32. What are the prime factors of y?
2
Let b(m) be the second derivative of -2*m**3/3 - 13*m**2/2 + 4*m. List the prime factors of b(-9).
23
Let a(o) = o**2 - 12*o + 9. Let s(v) = v**2 - 13*v + 9. Let c(l) = -3*a(l) + 2*s(l). Let q = 16 + -9. What are the prime factors of c(q)?
2, 3
Let l(v) = -v**2 + 2*v + 4. Let a be l(0). Let h(w) be the first derivative of -w**3/3 + 9*w**2/2 + 2*w + 1. List the prime factors of h(a).
2, 11
Let l(a) = a**2 - 5*a + 2. Let c be l(5). Suppose c = -x, 3*s - 55 = -x - 0. Suppose -5*b - 3*y + 25 = 0, 1 + s = 4*b + 5*y. List the prime factors of b.
5
Let i(g) = 2*g + 1. Let y be (1 + (-9)/5)*5. Let k be (6/(-8) - 0)*y. List the prime factors of i(k).
7
Let i be 0/2 - (-7 + -40). Suppose -4*p = -5*r + 115, -2*p = 3*r - 0*p - i. What are the prime factors of r?
19
List the prime factors of ((-102)/4 - -2)*(-18)/9.
47
Let w(a) = 2*a**2 + a. What are the prime factors of w(2)?
2, 5
Suppose 2*a - 5*k - 25 = 0, -5 = -a + 3*k - 2*k. Suppose a = -5*p - 2*c + 26 + 49, -p = 4*c - 15. What are the prime factors of p?
3, 5
Suppose o = -4*y - 3*o - 32, 3*o + 8 = -y. Let j = 1 - y. What are the prime factors of j?
3
Suppose 35 + 21 = 7*m. What are the prime factors of m?
2
Suppose 0 = 4*r - 5*r + 32. List the prime factors of r.
2
Let v(r) be the second derivative of r**7/2520 + r**6/144 - r**5/30 + r**4/6 - 2*r. Let a(m) be the third derivative of v(m). List the prime factors of a(-6).
2
Suppose 0 = -3*u - q + 24, 3*q = -0*u - 5*u + 36. Suppose a - u = 7. List the prime factors of a.
2
Let h = -3 + 7. Let j be (-1 - -1)*(h - 3). Suppose 3*v - 36 = 3*b - j*b, 3*b = 5*v - 58. What are the prime factors of v?
11
Suppose -u = 44 - 165. List the prime factors of u.
11
Suppose -2*g + 22 = 2. List the prime factors of g.
2, 5
Let w(i) be the first derivative of -11*i**4/4 - 2*i**3/3 - i**2 - i + 4. Let n = 3 + -4. What are the prime factors of w(n)?
2, 5
Let o(x) be the second derivative of -x**4/12 + 17*x**3/6 + x**2 + 3*x. What are the prime factors of o(14)?
2, 11
Let i be (-2)/(-2 + (-63)/(-33)). Let o be (-2 - -3) + (-11)/(-1). Let r = i - o. List the prime factors of r.
2, 5
Let g = -15 - -26. Let h(y) = y + 4. What are the prime factors of h(g)?
3, 5
Let b(l) = l**3 - 5*l**2 - 4*l - 7. Suppose -h - 2*h = -18. List the prime factors of b(h).
5
Let t(p) = -2*p**2 - p**3 - 5*p**2 - 4 - 8*p - 3. Let u be t(-6). Suppose u = -4*m + 17. What are the prime factors of m?
3
Suppose 4*q = -4*j + 36, -q + 4*j + 4 = 3*q. Let x = q - -11. List the prime factors of x.
2
Let i(k) = 12*k - 1. Suppose 2*c - 11 + 3 = 0. Let b = -3 + c. What are the prime factors of i(b)?
11
Let a(x) = -33*x - 7. Let w be a(-3). Suppose 7*t - 5*t = w. List the prime factors of t.
2, 23
Suppose -1 = -5*t + 4. Let d(r) = 6*r + 0 - r**3 + 3*r**2 - t + 0*r**3. What are the prime factors of d(4)?
7
Let n = 18 - -32. List the prime factors of n.
2, 5
Let m(b) = 2*b + 57. List the prime factors of m(0).
3, 19
Let k(g) = g**3 - 2*g**2 - 3*g - 1. Let x be k(3). Let d = 1 + x. List the prime factors of 15/12*(d - -4).
5
Suppose -3*x + 46 = -2*x - 3*v, 3*x + v - 188 = 0. List the prime factors of x.
61
Suppose 0 = 4*g + 5*p + 49, 5*g + 14 + 36 = -4*p. Let h = -38 + 11. What are the prime factors of (-10)/((-3)/(h/g))?
3, 5
Let o be (3 - -1) + (-5 - -3). Let a(q) = -3 - o*q - q - 3 + 2. What are the prime factors of a(-3)?
5
Suppose 0 = y + y - 5*p - 91, -3*y + 5*p + 139 = 0. What are the prime factors of y?
2, 3
Suppose 2*r - 81 = 2*c - 239, 2*c = -r + 146. List the prime factors of c.
3, 5
Let k(a) = a**2 - 2*a - 7. Let u be k(5). Let b be 3/(3/u) + 0. Let y = 17 - b. List the prime factors of y.
3
Suppose 125 = -7*u + 12*u. What are the prime factors of u?
5
Let m = 34 + 1. List the prime factors of m.
5, 7
Let s(x) = x**3 - 3*x**2 + 3. Suppose -2 = 2*h - 8. Let f be s(h). Suppose -2*i + 10 = r, f*i = 3*r + i - 6. What are the prime factors of r?
2
Suppose 0 = -7*v + 4*v + 69. List the prime factors of v.
23
What are the prime factors of (3/2)/((-1)/(-2))?
3
Let c = 15 + -9. Suppose 0 = 4*t + p + 11, -5*t + 2*p + 2 = c. What are the prime factors of (2 + t/6)*12?
2, 5
Suppose -2*j - 32 = -3*j. What are the prime factors of j?
2
Let f = 56 - 4. Suppose -3*a = -f + 16. List the prime factors of (-176)/(-18) + a/54.
2, 5
Suppose 0*y - 3*u + 12 = 2*y, -16 = 5*y - 4*u. Suppose 5*h - 4 - 6 = y. Suppose -2*v = 4*d - 14 + h, -4*v + 4*d = -72. What are the prime factors of v?
2, 7
Suppose -4*l - 6 = -0*l - 2*v, l + v = 3. Let s = l + 22.